- 2*i - b = -265. List the prime factors of i.
67
Let m = 185 - 125. Suppose 45 = 5*z - m. Let t = -8 + z. List the prime factors of t.
13
Suppose 31 - 10 = -3*s. Suppose 4*t - 15 = -79. Let z = s - t. List the prime factors of z.
3
Let k = -161 - -65. Let u = 80 - k. List the prime factors of u.
2, 11
Suppose -2*d + 2*l = -11 - 3, -5*d = 5*l - 75. List the prime factors of d.
11
Suppose 2*b - 5*i = 24, -9 = -3*b + 3*i + 27. List the prime factors of ((-117)/b)/(1/(-4)).
3, 13
Suppose -3*x + 9 = 0, 4*m + 5*x + 18 = -15. Suppose -5*o = -22 + 2. Let a = o - m. List the prime factors of a.
2
Let c(b) = 50*b - 61. Suppose 107*y - 15 = 104*y. List the prime factors of c(y).
3, 7
Suppose -739 = -3*p + 188. Suppose -59 = -310*v + p*v. What are the prime factors of v?
59
Suppose 57*m = 56*m - 98. Let z = m - -110. What are the prime factors of z?
2, 3
Let i(f) = 6*f**2 + 27*f + 151. What are the prime factors of i(-7)?
2
What are the prime factors of 6/4*1*(-4336)/(-6)?
2, 271
Let h(p) = -p + 0*p + 0*p + 69*p**2 + 2. Let a be h(3). List the prime factors of 2/10 + a/25.
5
Let t(f) = 8*f**2 - 19. Let w be t(5). Suppose w = 2*s - 67. List the prime factors of s.
2, 31
Suppose -4*x + 6 = -x. Suppose x*t + t - 76 = 4*g, -165 = -5*t - g. List the prime factors of t.
2
Let y(c) = -c**3 - 14*c**2 - 15*c - 18. Let d be y(-13). Suppose 4*i - 4 = d. Suppose 5*n - 16 - 8 = -b, i*b + 5*n - 72 = 0. What are the prime factors of b?
2, 3
Let r(d) = -184*d - 68. List the prime factors of r(-6).
2, 7, 37
Let p be ((-64)/(-80))/(((-4)/30)/(-1)). Suppose 0 = -p*m + m - 5*a + 745, -4*a = -16. List the prime factors of m.
5, 29
Suppose k - 2 - 3 = 0. Suppose 31 - 239 = -2*f. Suppose o + k*m - 26 = 2*m, 3*m = 4*o - f. List the prime factors of o.
2, 13
Suppose 3*z + 1273 = r, 5076 = 4*r - z + 5*z. What are the prime factors of r?
2, 5, 127
Let a = 36 - 33. Let x(s) = -2*s**3 + 3 + 2*s - 4*s**3 + s + a*s. List the prime factors of x(-2).
3, 13
Let r = 1225 - -98. List the prime factors of r.
3, 7
Let d(n) = -2*n**2 - 13*n + 3. Let s(g) = g**2 + 6*g - 1. Let v(c) = 3*d(c) + 5*s(c). Let i be v(-9). List the prime factors of (9 - 5) + i*8.
2, 3
Let k(p) be the second derivative of 7*p**3/3 - 3*p**2 - 2*p. List the prime factors of k(3).
2, 3
Let f(z) = -195*z + 733. What are the prime factors of f(-16)?
3853
Let i be (-6 - -5)/((-2)/6). Suppose o + i*p = 52, -5*o = -3*p - 313 - 1. List the prime factors of o.
61
List the prime factors of (-1 - 3291/(-11)) + (-30)/165.
2, 149
Let g be (-8)/(-3)*(145/10 + 2). Let p = g + -19. List the prime factors of p.
5
List the prime factors of 1731/(1*(-4)/((-12)/3)).
3, 577
Let w(y) = -10*y**2 - 1. Let a(n) = 51*n**2 + 5. Let x be (-3)/5 + 42/(-30). Let f(h) = x*a(h) - 11*w(h). List the prime factors of f(-1).
3
Suppose -394 = 5*w + 6. Let m be ((-132)/15)/(4/w). Let l = -123 + m. List the prime factors of l.
53
Let v(z) = 5*z**3 - 2*z**2 + z - 9. Let b(s) = s**3 + s - 1. Let q(u) = -6*b(u) + v(u). What are the prime factors of q(-3)?
3, 7
Let r(b) = -b**2 + 20*b - 14. Let j = 50 - 21. Let d = j + -12. What are the prime factors of r(d)?
37
Let a be -1*(4 - 3)*-2. Suppose -a*p - 30 = y - 6*y, 0 = y + 2*p + 6. Suppose -40 = -y*z - 4*l, -z + 5*l - 18 = -2*z. List the prime factors of z.
2
Let r(s) = -12*s + 8. Let w(c) = -c**2 + c + 2. Let y be w(-2). Let n be r(y). Suppose 8*b - 7*b - n = 0. List the prime factors of b.
2, 7
Suppose -3*s + 2*o = 5*o - 9, -8 = -3*s - 4*o. Suppose 0 = 2*u - 2*m - 58, -s*m + m = -2*u + 55. What are the prime factors of u?
2
Let k(i) = -344*i**3 - i**2 + 2. Let r(q) = 1719*q**3 + 6*q**2 + q - 10. Let g(w) = 11*k(w) + 2*r(w). What are the prime factors of g(-1)?
347
Suppose h - 4*h = 4*z - 1550, -4*z + h + 1558 = 0. Let l = z - 250. What are the prime factors of l?
139
Let s be ((-18)/(-45))/(2/10). Suppose 3*z + 410 = -3*a - a, s*a + 4 = 0. Let y = z - -201. What are the prime factors of y?
67
Let n be -1 + 5 + -3 - 1. Suppose 0 = 6*z - n*z - 516. List the prime factors of z.
2, 43
Suppose -7*h = -6471 - 389. Suppose 0 = -2*b - 3*b + h. List the prime factors of b.
2, 7
Let f(z) = 278*z**2 + 2*z + 4. Let x(t) = -555*t**2 - 4*t - 9. Let u(k) = 7*f(k) + 3*x(k). List the prime factors of u(1).
2, 71
Let z be (-4*4/8)/((-2)/109). Suppose z = 10*w - 921. List the prime factors of w.
103
Let y(d) = 13 - 25*d + 9*d**2 - 22*d + 36*d + d**3. Let v = -13 - -3. List the prime factors of y(v).
23
Suppose 0 = -0*z + 2*z - 8. Suppose 4*l - 30 = -2*r - 8, 5*l = z*r - 57. Suppose y - 45 = r. What are the prime factors of y?
2, 29
Let i(y) = y + 15. Let k be (-3)/39*-2 + 111/39. What are the prime factors of i(k)?
2, 3
Let c be 4/6*(264 + 0). Suppose -w + c + 31 = 5*s, -3*s - 3*w = -129. What are the prime factors of s?
41
Let d = -10 - -5. Let i = 4 + d. What are the prime factors of 20 - (4 + i + -1)?
2, 3
Let c(i) = -592*i + 141. List the prime factors of c(-7).
5, 857
Let q(c) = 6*c - 9. Let p be (-36)/198 - (-46)/11. Let f be q(p). Suppose 7*a - 6*a = f. What are the prime factors of a?
3, 5
What are the prime factors of -822*13/((-117)/6)?
2, 137
Let z = 9 + -16. Let w be 16/6 - z/21. Suppose 0 = -w*d + 28 + 59. List the prime factors of d.
29
Suppose -2*q + 2*n = -30, -2*q - 3*n = q - 15. Suppose -q*j = -14*j + 100. What are the prime factors of (-27)/(-15) + 5/j?
2
Let a(p) = p**3 - 27*p**2 - 39*p - 52. What are the prime factors of a(29)?
499
Suppose -4*t = 5*p - 18377, -51*p + 56*p = -t + 4613. What are the prime factors of t?
2, 31, 37
Suppose -4*u = 9*y - 13*y + 4164, u = 2*y - 2079. List the prime factors of y.
2, 3, 173
Suppose -3*c = -y - 3, 5*c + 6 - 25 = -3*y. Suppose -4*s = -s - y*f, 2*s - 15 = -f. Suppose 2*u - 7 = s. What are the prime factors of u?
2, 3
Suppose -62*a + 11224 = -58*a - 4*u, 0 = -3*a - 4*u + 8397. List the prime factors of a.
2803
Let j(z) = 14*z - 6. Let l(n) = n - 3. Let x be l(7). Let b be j(x). Let c = b + -29. What are the prime factors of c?
3, 7
Suppose 3*w + 5*p = 7*w + 117, 4*w = -3*p - 109. Let q be 784/8 - (-1 - 1). Let g = w + q. What are the prime factors of g?
2, 3
Suppose 3*d - 12 = 0, -p + 3019 = -2*d - 70. What are the prime factors of p?
19, 163
Let x(o) = -13*o**2 + 3*o + 1. Suppose 1 = -n - s, -4*n - 5*s - 6 = -3*s. Let y be x(n). Let m = y - -87. List the prime factors of m.
2, 3, 5
Suppose -88 = 7*j - 1425. List the prime factors of j.
191
Suppose 68 = 5*l + 3*t - 7, -2*l + 61 = -5*t. Let o = 4 - l. Let p = o + 26. List the prime factors of p.
2, 3
Let l(p) = -15*p**3 - 9*p**2 + 10*p + 22. Let w be l(-7). Suppose -w = 9*a - 25*a. List the prime factors of a.
3, 97
Suppose 5*w = -z + 247 - 70, -2*z = w - 39. Suppose -n + 127 = w. List the prime factors of n.
2, 23
What are the prime factors of 2581/(-3)*(-109 + 106)?
29, 89
Suppose y - 2 - 15 = 3*x, -2*x = -5*y + 46. Let l = y - 4. Suppose -l*q + 68 = -2*a, q - 6*a = -2*a + 31. List the prime factors of q.
3, 5
Let u(z) = -6*z - 36. Let q be u(-15). Suppose -10 = 4*b - q. List the prime factors of b.
11
Let o = -600 + 1261. List the prime factors of o.
661
Let i = 13902 - 9893. What are the prime factors of i?
19, 211
Let h = 5656 + -3656. What are the prime factors of h?
2, 5
List the prime factors of (35411/68)/((-3)/(-12)) - -3.
2, 7, 149
Suppose -3*p + 0*k - 4*k + 14017 = 0, -4*k = -2*p + 9358. List the prime factors of p.
5, 11, 17
Let v(x) = 113*x**2 + 11*x - 22. List the prime factors of v(3).
2, 257
Let g be (-3 + 161)*-1*-1. Let d = 303 - g. List the prime factors of d.
5, 29
What are the prime factors of (-1 - (-8)/2) + (280 - -1)?
2, 71
Let y(o) = -159*o + 64. List the prime factors of y(-10).
2, 827
Let n = -24 - -115. List the prime factors of n.
7, 13
Let u = 8 - -7. Suppose 2*d - 5*d - u = 0. What are the prime factors of (1 - (-7)/(-5))*d?
2
Let b(q) = q**3 - 7*q**2 - 3*q + 28. Let d be b(7). Suppose -d*x - 3*x = -770. What are the prime factors of x?
7, 11
Let z be (0 - (1 - 2))/1. Let w = 5 - z. Suppose 2*u + 3*u - w*g - 221 = 0, -u + 3*g = -42. List the prime factors of u.
3, 5
List the prime factors of 6/(-27) - 1678/(-18).
3, 31
Let r(f) = 4*f - 6. Let j be r(2). Suppose -4*z + v = 190 - 551, -183 = -j*z + v. What are the prime factors of z?
89
Let f = 657 + -420. List the prime factors of f.
3, 